1 = -5*m + 146. Let v = 4 + m. Suppose -y + v = -r, -46 = -4*y - 2*r + 36. What is the tens digit of y?
2
Let m(c) = c + 4. Let f be m(4). Suppose -2 = -a + f. Let s = a + -5. What is the units digit of s?
5
Suppose 0 = -13*z + 1742 - 104. What is the units digit of z?
6
Let q be -1 - ((-31)/1 - 0). Let a = 43 - q. What is the units digit of a?
3
Let l = 95 - 91. Suppose v + 4*v = 10. Suppose v*y = y - 2*a + 7, -3*a + 33 = l*y. What is the units digit of y?
9
Let u = 15 - 26. Let i = 17 + u. What is the units digit of i?
6
Let k(b) = -b**3 - 7*b**2 - 5*b + 3. What is the tens digit of k(-7)?
3
Let v = 15 - 13. Suppose -v = 4*k - 18. What is the units digit of k?
4
Let w = 112 + -79. Suppose 2*j - 3 = w. What is the tens digit of j?
1
Suppose -4*q = q. Suppose q = -2*x - 0*x + 6. Suppose -3*h - 18 = 2*p - x*p, -15 = -2*p - h. What is the units digit of p?
9
What is the units digit of 91 + -11 + (-4 - 0)?
6
Suppose 0*s = 4*f - 4*s - 316, 3*s = -2*f + 158. Suppose 106 = 4*r - 5*z, -f = -3*r - 3*z + 7*z. What is the units digit of r?
9
Let i(m) = -m**2 + m + 59. What is the tens digit of i(0)?
5
Suppose 2*o + 15 - 45 = 0. What is the tens digit of o?
1
Suppose v + 24 = 4*b - v, -5*b + 4*v + 30 = 0. Let h = -1 + -3. Let g = b + h. What is the units digit of g?
2
Suppose a = -2*g + 33, -3*g = 2*a + 40 - 102. What is the units digit of a?
5
Let s(m) = m**3 + 7*m**2 + 5*m - 6. Let v be s(-6). Let l = v + 0. What is the tens digit of (-22)/(-2 - l) + 0?
1
What is the units digit of 146/18 - 2/18?
8
Suppose 3*s - h - 32 = 3*h, 3*s - 60 = -3*h. What is the units digit of s?
6
Let a(k) = -k - 2. Let t be a(-5). Suppose -4*q - q + 10 = 0. Suppose -p - t = -2*w, q*w - p = 7*w - 25. What is the units digit of w?
4
Let a be (-8)/(-20) + 6/(-15). Suppose 156 = -a*g + 3*g. Let o = -36 + g. What is the units digit of o?
6
Let d(x) = -x - 7. Let g(y) = 8. Let a(v) = -6*d(v) - 5*g(v). Let b be a(11). Suppose 0 = 4*h + k - b, -2*h + 0*k + 3*k + 20 = 0. What is the tens digit of h?
1
Suppose 3*x - x - 20 = 0. What is the tens digit of x?
1
Let z = 0 + -4. Let o = z + 13. What is the units digit of o?
9
Suppose -q = 4*q + 15, 0 = -2*s + 4*q + 4. Let g be (1 + -2)/((-2)/s). Let a = g - -4. What is the units digit of a?
2
Suppose -1 = 3*m - 7. What is the units digit of (-18 - 12)*m/(-3)?
0
Let k be ((-8)/3)/(-4)*3. What is the tens digit of 8 + k + (0 - -1)?
1
What is the units digit of 120/28 + -4 + (-500)/(-14)?
6
Suppose 2*s + 16 = 2*p, 2*s + 3*s = -p - 22. Let k be -6*(3 + s/3). What is the units digit of (k/(-12))/(4/30)?
5
Let y(o) = o. Let t(c) = 3*c - 2. Let h(w) = t(w) - 2*y(w). Let x be h(6). Suppose 5 = -0*v - v, 24 = x*f - 4*v. What is the units digit of f?
1
Suppose 0 = 4*r + 17 - 49. Suppose 2*f = -0*f + r. Suppose 3 = -k, 0*k + 27 = f*n - 5*k. What is the units digit of n?
3
Suppose -6*r - 8 = -4*r. Let g(b) = b**3 + 4*b**2 - 5*b - 2. What is the units digit of g(r)?
8
Suppose 0 = 2*c - 2 - 8. Let v be ((-1)/(-1))/(9/126). Suppose c*k = -2*i + 49, -3*i - k - v = -4*i. What is the units digit of i?
7
What is the tens digit of (82/(-4))/(4/(-16))?
8
Let v(r) = -7*r**2 + r**2 - 8*r - r**3 + r**2 - 9 - 2*r**2. Let p be v(-6). Suppose 1 = 4*o - p. What is the units digit of o?
1
What is the tens digit of ((-2)/4)/((-1)/58)?
2
Suppose -g = -3*g + 8, 0 = -3*d + 5*g - 14. Suppose d*h - 17 = 17. What is the tens digit of h?
1
Let q = -15 + -3. What is the tens digit of q/(-5)*20/6?
1
Let i(z) = z**3 - 628. Let t be i(0). Let s be 1/7 - t/14. Let v = s - 30. What is the tens digit of v?
1
Let c(x) = x**3 + x**2 + 68. Suppose -5 = 5*i - 5*b, 5*b = -2*i - 0*i + 5. Let w be c(i). Suppose -3*z = z - w. What is the units digit of z?
7
Suppose 12 = 3*u, 3*u + u - 4 = b. Let m = b - 0. What is the units digit of m?
2
Let q(j) be the second derivative of -j**3/6 + j**2 - 2*j. Let a be (-2)/5 - (-76)/(-10). What is the units digit of q(a)?
0
Suppose f + 124 = 5*f. What is the units digit of f?
1
Suppose 3*m = 2 + 10. Suppose 3*j = s + 28, j + 35 = 6*j - m*s. What is the tens digit of j?
1
Let m be (2*1)/(-3 - -5). Let d = m + 1. Suppose -12 = -s - 5*t, s + 3*s = 3*t + d. What is the units digit of s?
2
Suppose 105 - 65 = 5*r. What is the units digit of r?
8
Suppose -k = h - 2*k - 19, -h - 5*k = 11. Suppose -h = -x - 1. What is the tens digit of x?
1
Let c(j) = -j - 2. Let v be c(-4). What is the units digit of 25/((v - -1) + -2)?
5
Suppose -2*n + 1 - 6 = b, 2*n + 26 = -4*b. Let d = 11 + b. Suppose 36 = -0*m + d*m. What is the units digit of m?
9
Let j = 11 + -7. Let a(u) = -2*u - u**2 + 3*u - j + 7*u**2 - 5*u**2. What is the units digit of a(-3)?
2
Suppose -158 = -23*f + 22*f. What is the tens digit of f?
5
Let t(h) = h**3 - 10*h**2 + 8*h + 3. Let f be t(9). Let b = f + 37. What is the tens digit of b?
3
Let r(q) = q**2 + q - 4. Let j(p) = -2*p + 5. Let m be j(4). Let x be r(m). Suppose -2*v - 18 = -x*h, -2*v - 2*v + 54 = 5*h. What is the tens digit of h?
1
Let r = -2 + 2. Suppose 0 = -5*z - r*z + 30. What is the units digit of z?
6
Suppose 6*o = -38 + 692. What is the hundreds digit of o?
1
Suppose -3*l + 11 = -1. Suppose -5*h + 12 = l*r, -r + 5 - 2 = -h. Suppose -r*u + 4*c + 40 = 0, -u + 5*c = -6*u + 20. What is the units digit of u?
8
What is the tens digit of -1 + 34/30 + (-9567)/(-135)?
7
Let c be -3*-5*3/9. Suppose 5*y - 20 = -2*j, -j - c = 5*y - 15. What is the tens digit of j?
1
Suppose -30 = 5*p - 10*p. What is the units digit of p?
6
Suppose g = -5*o + o + 6, 2*g = -4*o. Let k = -6 + 14. Let y = g + k. What is the units digit of y?
2
Let i(s) = 5*s - 1. Let u(t) = -4*t**3 + t + 1. Let d be u(-1). What is the tens digit of i(d)?
1
Let q(p) be the first derivative of -p + p**2 - 3 + 0 + 5. What is the units digit of q(2)?
3
Let z(x) be the first derivative of 2*x**3/3 - x**2 - 3*x + 3. What is the units digit of z(3)?
9
Let f(q) be the third derivative of -1/24*q**4 + 0 + 1/120*q**6 + 7/60*q**5 - 2/3*q**3 - q**2 + 0*q. What is the units digit of f(-7)?
3
Let n(l) = -2*l**3 - 2*l**2 - 2*l - 1. Let v be n(-1). What is the units digit of (7 + v + -1)*1?
7
Let n(r) = 3*r - 6. Let c be n(14). Let v = -25 + c. What is the tens digit of v?
1
Let o(g) = g**2 - g - 1. Let r be o(-1). Let z be (0 - 1) + 0 + 1. Let w = r + z. What is the units digit of w?
1
Let f = 10 - -13. What is the tens digit of f?
2
Let b(z) = z**3 + 11*z**2 - z - 9. Let h be b(-11). Suppose 2*i - 100 = -h*i. What is the tens digit of i?
2
What is the tens digit of ((-21)/6 - 4)/((-6)/64)?
8
Suppose 2*z + z - 5*g = 111, 4*g + 172 = 5*z. What is the tens digit of z?
3
Let b(p) = -p**3 - 2*p**2 + 3*p + 1. What is the units digit of b(-4)?
1
Let q = 0 - -4. Let i be (q/(-6))/(1/12). What is the units digit of (i - 2)*2/(-5)?
4
Suppose -27*k + 28*k - 26 = 0. What is the units digit of k?
6
Suppose 248 = 3*j + j. What is the tens digit of j?
6
Let i be ((-6)/(-4) + -3)*-2. Let p(m) = -m + 4. Let q(v) = -4. Let s(k) = -3*p(k) - 2*q(k). What is the units digit of s(i)?
5
Let m(b) = -b**3 - 10*b**2 + 14*b - 3. Let x be m(-11). Let h be (-136)/x - 4/(-18). Suppose t + h = 3*t. What is the units digit of t?
2
Let h(v) = v - 6. Let m be h(0). Let w(i) = -i**3 - 7*i**2 - 7*i - 3. What is the units digit of w(m)?
3
Let v be 1/(-4) + 13/4. Suppose -v*w = -5*w. Suppose -39 - 17 = -4*d - 4*s, -5*d - 4*s + 65 = w. What is the units digit of d?
9
What is the units digit of (-1 - 3)/8*-42?
1
What is the tens digit of (160 - 0/1) + 0?
6
Suppose -2*c = -5*d - 332, -c + 4*c - 5*d = 498. What is the tens digit of c?
6
Let g(y) = -14*y**3 + 2*y**2 + 1. What is the units digit of g(-2)?
1
Let w be 0*3/(-3 - 0). Suppose w = 8*k - 5*k - 3. What is the units digit of k?
1
Suppose 0*l + l = -2*c - 52, 0 = 2*c - 5*l + 64. Let j = -7 - c. Let t = 28 - j. What is the units digit of t?
8
Let p = -195 + 227. What is the units digit of p?
2
Suppose -332 = -4*j + 2*h, 2*j + 92 = 3*j - 5*h. What is the tens digit of j?
8
Suppose 0 = 4*z + i - 0*i + 2, 3*z = -i - 2. Let l be (-16)/(0 + -2 + z). Suppose 4*j = b - 3 + l, -b - j = -20. What is the units digit of b?
5
Suppose 3*v = -2*h - 3*h + 145, 4*v + 145 = 5*h. Let r = 52 - h. What is the tens digit of r?
2
Suppose -3*c + 5*l + 23 = -c, c + 3*l - 6 = 0. Let h(m) = -m**3 + 9*m**2 + 4.